 -31. Calculate the highest common factor of u and 65.
13
Suppose 2*f - 3*f = -3*i + 10, 0 = -2*i + 4*f + 20. Let l(g) = g. Let s be l(i). Let b = 33 - 19. Calculate the greatest common divisor of s and b.
2
Let u be (-25 - -16)/((-6)/32). What is the greatest common factor of 24 and u?
24
Let x be ((-4)/10)/((-18)/45). Let d = x + 31. Calculate the highest common divisor of 8 and d.
8
Suppose -3*f + 6*f = 12. Let r = f - 2. Suppose 0 = r*v - 0*v - 80. Calculate the greatest common divisor of 10 and v.
10
Suppose -5*c + 27 = -8. Let b(s) = 3*s**2 + 8*s + 3. Let n be b(-6). What is the highest common factor of n and c?
7
Let h(w) = -2*w**2 + 13*w - 5. Let f(i) = -3*i**2 + 26*i - 9. Let q(j) = -3*f(j) + 5*h(j). Let t be q(-11). What is the highest common factor of 3 and t?
3
Suppose 20 = b - 6*b. Let d = b - -10. Let u be 123/6 + d/4. Calculate the greatest common factor of 55 and u.
11
Let m be ((-60)/(-40))/((-3)/(-34)). Let g = -37 - -105. What is the greatest common divisor of m and g?
17
Let z be 2/(-6) + (-28)/6. Let o = -2 - z. Let r(g) = 2*g**2 - 4*g + 4. Let s be r(o). Calculate the highest common divisor of s and 4.
2
Let g = -98 + 32. Let x be g/(-14) - (-10)/35. Calculate the highest common factor of 10 and x.
5
Let r be 32/(-40) - 114/(-5). What is the highest common divisor of 110 and r?
22
Let n = 252 - 76. Calculate the highest common divisor of n and 16.
16
Let c = -4 - -10. What is the highest common factor of 4 and c?
2
Let d be 46 - 1/((-2)/(-4)). Let w = d - 25. Suppose 4*l + 8 = 4*p - 0, 0 = 2*p + l - w. Calculate the greatest common factor of p and 35.
7
Let p be 6/27 + (-806)/(-18). Suppose 71*x + 60 = 75*x. What is the highest common divisor of x and p?
15
Suppose p - 2*f - 30 = -4*f, 4*f = 5*p - 108. Calculate the greatest common factor of 3 and p.
3
Let n(v) = 5*v - 12. Let x be n(4). What is the greatest common factor of x and 4?
4
Let j(w) = 69*w**3 + 2*w**2 - w. Let r be j(1). Let u(k) = 10*k**2. Let h be -2 + (3 - 2)/1. Let c be u(h). What is the greatest common factor of c and r?
10
Let s = 9 - 1. Let m(o) = o**3 - 7*o**2 - 9*o + 11. Let q be m(s). What is the highest common factor of q and 21?
3
Let c(r) = -r**3 + 2*r**2 - r + 4. Let v be c(-5). Calculate the greatest common divisor of 23 and v.
23
Let d be 4/(-12) + 8/6. Let x be -5*d*(-40)/(-4). Let b = 86 + x. What is the highest common factor of b and 4?
4
Let n(f) = f**2 - 5*f. Let c be n(3). Let r = -13 - c. Let g = 18 + r. Calculate the greatest common factor of 44 and g.
11
Suppose -12*t + 256 = -176. Calculate the greatest common factor of t and 12.
12
Let n(t) = -64*t + 2. Let x be n(-1). Let c be (-4)/12 - 133/(-3). What is the greatest common divisor of c and x?
22
Let g be (3 - (-4)/(-2))/1. Let j be 1/(-3) + (-64)/(-12). Suppose s - j*s = -36. Calculate the greatest common factor of s and g.
1
Let z = 175 - 31. Suppose 5*o - 2*r - 73 - 23 = 0, 5*o - 93 = r. What is the highest common divisor of z and o?
18
Let z = 39 - 20. Suppose z + 30 = 7*n. What is the highest common divisor of n and 1?
1
Let t(n) = -n + 13. Let j be t(11). Let l(k) = 21*k - 3. Let h be l(j). What is the highest common divisor of 26 and h?
13
Let f be 0 + 55/5 - 0. Let v be -1 - (0 - 24 - -1). What is the highest common divisor of v and f?
11
Let g = -33 + 48. Let s = -3 - -5. Suppose z = -s*u + 18, -3*z + 4*u + 14 = -0*z. What is the greatest common divisor of z and g?
5
Let j be 1 + 4*118/8. What is the greatest common factor of 12 and j?
12
Suppose v + 5*f - 102 = 1, 2*v = -4*f + 200. What is the highest common factor of 56 and v?
14
Let p be (30/(-8))/(12/(-64)). Calculate the greatest common factor of 220 and p.
20
Suppose 70 = 3*s - 38. Suppose -s = -4*m + 3*m. Calculate the greatest common factor of 12 and m.
12
Let p(z) = -z**3 + 9*z**2 - 9*z + 10. Let d be p(8). Calculate the greatest common factor of 2 and d.
2
Let n be ((-168)/8)/((-3)/16). Calculate the highest common divisor of n and 14.
14
Let t(k) = -k**2 + 7*k - 7. Let c be t(5). Suppose w + 14 = c*w. Calculate the greatest common divisor of 77 and w.
7
Let r(v) = 11*v + 1. Let y be r(1). Suppose 2*f + 3*f + 5*c - 35 = 0, 0 = 3*c - 9. Calculate the highest common divisor of y and f.
4
Suppose -i - 4*a + 0 = 4, -3*i = -3*a - 3. Suppose -4*u + 5*u - 8 = i. Let x = -20 + 36. What is the greatest common factor of x and u?
8
Suppose d + 7 - 16 = -p, 4*d - 33 = -3*p. What is the highest common divisor of d and 33?
3
Suppose -3*b + 0*l + 5*l = 10, l = -5*b + 2. Suppose -4*j + 12 = -b*j. Suppose -j*z + 85 = -170. Calculate the greatest common factor of 34 and z.
17
Let q = 89 - 76. What is the greatest common factor of 143 and q?
13
Let o be 1/(1 - 33/36). Let s = 32 - -114. Let z = s - 62. Calculate the highest common factor of o and z.
12
Let r = 30 - 10. Let m(o) = o. Let i be m(4). Suppose -i*h = -0*h - 16. Calculate the greatest common divisor of r and h.
4
Let n be 21 + 1*(0 + -1). Suppose -4*z - a = -15, 0 = -2*z + 2*a - 0*a + 10. Calculate the highest common divisor of n and z.
4
Suppose 4*l = 22 + 194. What is the highest common divisor of l and 18?
18
Let b(f) be the third derivative of f**5/30 - f**3/6 - f**2. Let y be b(1). What is the greatest common factor of y and 11?
1
Suppose 4*i - 168 = 228. Calculate the highest common divisor of i and 9.
9
Let t be (-21)/(1*3/(-2)). Suppose x + 4*x - 25 = 0. Suppose x*l + 0*l = 35. What is the greatest common divisor of t and l?
7
Let j be 26*((-15)/6 + 1). Let f be (j*2/(-6))/1. Suppose 2*u - t + 2*t = 78, 0 = -5*t. Calculate the greatest common divisor of u and f.
13
Let m(h) = 6*h - 6. Suppose 0 = -w - 0*w + 4. Let i be m(w). Calculate the highest common divisor of i and 9.
9
Suppose 3*s = -4*x, -2*s + x = -2*x. Let n = -2 + s. Let w be 1*2/n + 4. What is the highest common factor of w and 9?
3
Suppose -y + 9 = -2. Calculate the greatest common factor of 88 and y.
11
Suppose -5*j - 38 = -7*j. What is the highest common factor of 171 and j?
19
Suppose -5*y - 14 = -54. Let j = y - -40. What is the highest common factor of 32 and j?
16
Suppose 0*y + 4*y + 2*w - 22 = 0, 5*y + 3*w - 27 = 0. Let v be 2*2/(-4)*-3. Let m be ((-1)/v)/(y/(-126)). What is the highest common factor of m and 21?
7
Let j = 0 + 7. Let p(f) = 3*f + 4. Let x be p(j). Calculate the greatest common factor of 5 and x.
5
Suppose -2*i - 2*k - 3 = k, -i + 4 = -4*k. Suppose -4*w + 2 + 6 = i. Suppose v + 4 = w*v. What is the greatest common divisor of 4 and v?
4
Let b be (12/(-10))/(3/(-90)). Suppose 5*r = -5 + 20. Suppose 3*n - r*g = 36, -2*n + 2*g + 36 = n. What is the greatest common divisor of b and n?
12
Suppose -2*a + 10 + 12 = 0. What is the greatest common divisor of 55 and a?
11
Let q = 28 - 16. Let y = -18 + q. Let s be 55 + 0/(y/(-2)). Calculate the highest common divisor of 22 and s.
11
Let o be 28/(-6) - (-2)/3. Let i be (o/(-5))/((-2)/(-20)). Calculate the highest common factor of i and 40.
8
Suppose -120 = 7*x - 11*x. Calculate the greatest common divisor of x and 40.
10
Let s(q) = -q**2 - 5*q - 2. Let k be s(-4). What is the greatest common factor of k and 1?
1
Let z be 4/10 - 1076/(-10). Suppose -15 = 3*m - 8*m, 0 = 3*j - 2*m. Suppose -j*a + 0*a = -z. Calculate the highest common factor of 18 and a.
18
Suppose 0 = m + 3*f - 29, m + 2*f = 4*m - 32. Let b be 5/20 + m/8. Suppose -2*y - b*y + 28 = 0. Calculate the greatest common factor of 63 and y.
7
Let r = -21 + 31. Let k = -31 - -61. Suppose c + c = 2*f + k, 2*c - 30 = -2*f. What is the greatest common factor of r and c?
5
Let t be ((-8)/(-5))/(3/15). Suppose -4*o = -r - 2, 0 = -t*o + 3*o + 25. Calculate the highest common divisor of r and 2.
2
Suppose 115 = 3*h - 263. Calculate the greatest common divisor of h and 14.
14
Suppose 5*k - 5 = 15. Suppose f - k*f = -390. Suppose -3*j - 4*c + 8 = -56, -5*j = 2*c - f. What is the highest common factor of j and 14?
14
Let r be 84/9 - (-2)/(-6). Calculate the highest common divisor of r and 18.
9
Suppose a = 5*a - 416. What is the highest common divisor of 13 and a?
13
Let k(n) = n**3 + 2*n. Let l be k(5). Suppose -3*r = -6*r + l. Suppose -6*o + 30 = -4*o. Calculate the greatest common factor of o and r.
15
Let g(d) = 4*d**2 + 9*d + 7. Let x be g(-6). Suppose 7 - x = -n. Calculate the highest